{"id":19093,"date":"2022-08-02T12:15:28","date_gmt":"2022-08-02T12:15:28","guid":{"rendered":"https:\/\/turismomaestrazgo.org\/evento\/book-presentation-el-convento-de-los-servitas-de-las-cuevas-de-canart-the-servite-convent-of-las-cuevas-de-canart\/"},"modified":"2022-08-04T10:07:13","modified_gmt":"2022-08-04T10:07:13","slug":"book-presentation-el-convento-de-los-servitas-de-las-cuevas-de-canart-the-servite-convent-of-las-cuevas-de-canart","status":"publish","type":"tribe_events","link":"https:\/\/turismomaestrazgo.org\/en\/evento\/book-presentation-el-convento-de-los-servitas-de-las-cuevas-de-canart-the-servite-convent-of-las-cuevas-de-canart\/","title":{"rendered":"Book presentation: &#8220;El Convento de los Servitas de Las Cuevas de Ca\u00f1art&#8221; (The Servite Convent of Las Cuevas de Ca\u00f1art)."},"content":{"rendered":"<div  class=\"tribe-events-schedule tribe-clearfix\" >\n\t<p class=\"tribe-events-schedule__datetime\">\n\t\t<span class=\"tribe-events-schedule__date tribe-events-schedule__date--start\">\n\t\t\t11 August 2022\t\t<\/span>\n\n\t\t\t\t\t<span class=\"tribe-events-schedule__separator tribe-events-schedule__separator--date\">\n\t\t\t\t | \t\t\t<\/span>\n\t\t\t<span class=\"tribe-events-schedule__time tribe-events-schedule__time--start\">\n\t\t\t\t9:00 pm\t\t\t<\/span>\n\t\t\n\t\t\t<\/p>\n<\/div>\n<div  class=\"tribe-block tribe-block__venue tribe-clearfix\" >\n\t\n\t\n<div class=\"tribe-block__venue__meta\">\n\t<div class=\"tribe-block__venue__name\">\n\t\t<h3>Cuevas de Ca\u00f1art. Convento de los Servitas<\/h3>\n\t<\/div>\n\n\t\n\t\t\t\n\t\t\n\t\t\t\n\t<\/div>\n\t\n\t<\/div>\n\n<p>La pr\u00e9sentation du livre <em>El Convento de los Servitas de Las Cuevas de Ca\u00f1art<\/em> \u00e9crit par Vicente Lorente P\u00e9rez aura lieu au Convento de los Servitas le 11 ao\u00fbt \u00e0 19h00.<\/p>\n\n<figure class=\"wp-block-image size-large\"><img fetchpriority=\"high\" decoding=\"async\" width=\"724\" height=\"1024\" src=\"https:\/\/turismomaestrazgo.org\/wp-content\/uploads\/2022\/08\/Presentacion-servitas-2-724x1024.jpg\" alt=\"\" class=\"wp-image-19104\" srcset=\"https:\/\/turismomaestrazgo.org\/wp-content\/uploads\/2022\/08\/Presentacion-servitas-2-724x1024.jpg 724w, https:\/\/turismomaestrazgo.org\/wp-content\/uploads\/2022\/08\/Presentacion-servitas-2-212x300.jpg 212w, https:\/\/turismomaestrazgo.org\/wp-content\/uploads\/2022\/08\/Presentacion-servitas-2-768x1086.jpg 768w, https:\/\/turismomaestrazgo.org\/wp-content\/uploads\/2022\/08\/Presentacion-servitas-2-1086x1536.jpg 1086w, https:\/\/turismomaestrazgo.org\/wp-content\/uploads\/2022\/08\/Presentacion-servitas-2-1448x2048.jpg 1448w, https:\/\/turismomaestrazgo.org\/wp-content\/uploads\/2022\/08\/Presentacion-servitas-2.jpg 1587w\" sizes=\"(max-width: 724px) 100vw, 724px\" \/><\/figure><div  class=\"tribe-block tribe-block__event-price\" >\n\t\t<\/div>\n\t<div  class=\"tribe-block tribe-block__events-link\" >\n\t\t<div class=\"tribe-events tribe-common\">\n\t\t\t<div class=\"tribe-events-c-subscribe-dropdown__container\">\n\t\t\t\t<div class=\"tribe-events-c-subscribe-dropdown\">\n\t\t\t\t\t<div class=\"tribe-common-c-btn-border tribe-events-c-subscribe-dropdown__button\">\n\t\t\t\t\t\t<svg\n\t class=\"tribe-common-c-svgicon tribe-common-c-svgicon--cal-export tribe-events-c-subscribe-dropdown__export-icon\" \taria-hidden=\"true\"\n\tviewBox=\"0 0 23 17\"\n\txmlns=\"http:\/\/www.w3.org\/2000\/svg\"\n>\n\t<path fill-rule=\"evenodd\" clip-rule=\"evenodd\" d=\"M.128.896V16.13c0 .211.145.383.323.383h15.354c.179 0 .323-.172.323-.383V.896c0-.212-.144-.383-.323-.383H.451C.273.513.128.684.128.896Zm16 6.742h-.901V4.679H1.009v10.729h14.218v-3.336h.901V7.638ZM1.01 1.614h14.218v2.058H1.009V1.614Z\" \/>\n\t<path d=\"M20.5 9.846H8.312M18.524 6.953l2.89 2.909-2.855 2.855\" stroke-width=\"1.2\" stroke-linecap=\"round\" stroke-linejoin=\"round\"\/>\n<\/svg>\n\t\t\t\t\t\t<button\n\t\t\t\t\t\t\tclass=\"tribe-events-c-subscribe-dropdown__button-text\"\n\t\t\t\t\t\t\taria-expanded=\"false\"\n\t\t\t\t\t\t\taria-controls=\"tribe-events-subscribe-dropdown-content\"\n\t\t\t\t\t\t\taria-label=\"View links to add events to your calendar\"\n\t\t\t\t\t\t>\n\t\t\t\t\t\t\tAdd to calendar\t\t\t\t\t\t<\/button>\n\t\t\t\t\t\t<svg\n\t class=\"tribe-common-c-svgicon tribe-common-c-svgicon--caret-down tribe-events-c-subscribe-dropdown__button-icon\" \taria-hidden=\"true\"\n\tviewBox=\"0 0 10 7\"\n\txmlns=\"http:\/\/www.w3.org\/2000\/svg\"\n>\n\t<path fill-rule=\"evenodd\" clip-rule=\"evenodd\" d=\"M1.008.609L5 4.6 8.992.61l.958.958L5 6.517.05 1.566l.958-.958z\" class=\"tribe-common-c-svgicon__svg-fill\"\/>\n<\/svg>\n\t\t\t\t\t<\/div>\n\t\t\t\t\t<div id=\"tribe-events-subscribe-dropdown-content\" class=\"tribe-events-c-subscribe-dropdown__content\">\n\t\t\t\t\t\t<ul class=\"tribe-events-c-subscribe-dropdown__list\">\n\t\t\t\t\t\t\t\t\t\t\t\t\t\t\t<li class=\"tribe-events-c-subscribe-dropdown__list-item tribe-events-c-subscribe-dropdown__list-item--gcal\">\n\t\t\t\t\t\t\t\t\t<a\n\t\t\t\t\t\t\t\t\t\thref=\"https:\/\/www.google.com\/calendar\/event?action=TEMPLATE&#038;dates=20220811T190000\/20220811T190000&#038;text=Book%20presentation%3A%20%26%238220%3BEl%20Convento%20de%20los%20Servitas%20de%20Las%20Cuevas%20de%20Ca%C3%B1art%26%238221%3B%20%28The%20Servite%20Convent%20of%20Las%20Cuevas%20de%20Ca%C3%B1art%29.&#038;details=%3Cp%3ELa+pr%C3%A9sentation+du+livre+%3Cem%3EEl+Convento+de+los+Servitas+de+Las+Cuevas+de+Ca%C3%B1art%3C%2Fem%3E+%C3%A9crit+par+Vicente+Lorente+P%C3%A9rez+aura+lieu+au+Convento+de+los+Servitas+le+11+ao%C3%BBt+%C3%A0+19h00.%3C%2Fp%3E+%3Cfigure+class%3D%22wp-block-image+size-large%22%3E%3Cimg+src%3D%22https%3A%2F%2Fturismomaestrazgo.org%2Fwp-content%2Fuploads%2F2022%2F08%2FPresentacion-servitas-2-724x1024.jpg%22+alt%3D%22%22+class%3D%22wp-image-19104%22%2F%3E%3C%2Ffigure%3E&#038;location=Cuevas%20de%20Ca\u00f1art.%20Convento%20de%20los%20Servitas&#038;trp=false&#038;ctz=Europe\/Madrid&#038;sprop=website:https:\/\/turismomaestrazgo.org\/en\/\"\n\t\t\t\t\t\t\t\t\t\tclass=\"tribe-events-c-subscribe-dropdown__list-item-link\"\n\t\t\t\t\t\t\t\t\t\ttarget=\"_blank\"\n\t\t\t\t\t\t\t\t\t\trel=\"noopener noreferrer nofollow noindex\"\n\t\t\t\t\t\t\t\t\t>\n\t\t\t\t\t\t\t\t\t\tGoogle Calendar\t\t\t\t\t\t\t\t\t<\/a>\n\t\t\t\t\t\t\t\t<\/li>\n\t\t\t\t\t\t\t\t\t\t\t\t\t\t\t<li class=\"tribe-events-c-subscribe-dropdown__list-item tribe-events-c-subscribe-dropdown__list-item--ical\">\n\t\t\t\t\t\t\t\t\t<a\n\t\t\t\t\t\t\t\t\t\thref=\"\"\n\t\t\t\t\t\t\t\t\t\tclass=\"tribe-events-c-subscribe-dropdown__list-item-link\"\n\t\t\t\t\t\t\t\t\t\ttarget=\"_blank\"\n\t\t\t\t\t\t\t\t\t\trel=\"noopener noreferrer nofollow noindex\"\n\t\t\t\t\t\t\t\t\t>\n\t\t\t\t\t\t\t\t\t\tiCalendar\t\t\t\t\t\t\t\t\t<\/a>\n\t\t\t\t\t\t\t\t<\/li>\n\t\t\t\t\t\t\t\t\t\t\t\t\t\t\t<li class=\"tribe-events-c-subscribe-dropdown__list-item tribe-events-c-subscribe-dropdown__list-item--outlook-365\">\n\t\t\t\t\t\t\t\t\t<a\n\t\t\t\t\t\t\t\t\t\thref=\"\"\n\t\t\t\t\t\t\t\t\t\tclass=\"tribe-events-c-subscribe-dropdown__list-item-link\"\n\t\t\t\t\t\t\t\t\t\ttarget=\"_blank\"\n\t\t\t\t\t\t\t\t\t\trel=\"noopener noreferrer nofollow noindex\"\n\t\t\t\t\t\t\t\t\t>\n\t\t\t\t\t\t\t\t\t\tOutlook 365\t\t\t\t\t\t\t\t\t<\/a>\n\t\t\t\t\t\t\t\t<\/li>\n\t\t\t\t\t\t\t\t\t\t\t\t\t\t\t<li class=\"tribe-events-c-subscribe-dropdown__list-item tribe-events-c-subscribe-dropdown__list-item--outlook-live\">\n\t\t\t\t\t\t\t\t\t<a\n\t\t\t\t\t\t\t\t\t\thref=\"\"\n\t\t\t\t\t\t\t\t\t\tclass=\"tribe-events-c-subscribe-dropdown__list-item-link\"\n\t\t\t\t\t\t\t\t\t\ttarget=\"_blank\"\n\t\t\t\t\t\t\t\t\t\trel=\"noopener noreferrer nofollow noindex\"\n\t\t\t\t\t\t\t\t\t>\n\t\t\t\t\t\t\t\t\t\tOutlook Live\t\t\t\t\t\t\t\t\t<\/a>\n\t\t\t\t\t\t\t\t<\/li>\n\t\t\t\t\t\t\t\t\t\t\t\t\t<\/ul>\n\t\t\t\t\t<\/div>\n\t\t\t\t<\/div>\n\t\t\t<\/div>\n\t\t<\/div>\n\t<\/div>\n\n","protected":false},"excerpt":{"rendered":"<p>La pr\u00e9sentation du livre El Convento de los Servitas de Las Cuevas de Ca\u00f1art \u00e9crit par Vicente Lorente P\u00e9rez aura lieu au Convento de los Servitas le 11 ao\u00fbt \u00e0 [&hellip;]<\/p>\n","protected":false},"author":3,"featured_media":19104,"template":"","meta":{"_acf_changed":false,"_EventAllDay":false,"_EventTimezone":"UTC+0","_EventStartDate":"2022-08-11 19:00:00","_EventEndDate":"2022-08-11 19:00:00","_EventStartDateUTC":"2022-08-11 19:00:00","_EventEndDateUTC":"2022-08-11 19:00:00","_EventShowMap":false,"_EventShowMapLink":false,"_EventURL":"","_EventCost":"","_EventCostDescription":"","_EventCurrencySymbol":"","_EventCurrencyCode":"","_EventCurrencyPosition":"","_EventDateTimeSeparator":"","_EventTimeRangeSeparator":"","_EventOrganizerID":[],"_EventVenueID":[19071],"_OrganizerEmail":"","_OrganizerPhone":"","_OrganizerWebsite":"","_VenueAddress":"","_VenueCity":"","_VenueCountry":"","_VenueProvince":"","_VenueState":"","_VenueZip":"","_VenuePhone":"","_VenueURL":"","_VenueStateProvince":"","_VenueLat":"","_VenueLng":"","_VenueShowMap":false,"_VenueShowMapLink":false,"_tribe_events_status":"","_tribe_events_status_reason":"","footnotes":""},"tags":[237,248,247],"tribe_events_cat":[239],"class_list":["post-19093","tribe_events","type-tribe_events","status-publish","has-post-thumbnail","hentry","tag-book-presentation","tag-convent-of-the-servites","tag-the-caves-of-canart","tribe_events_cat-presentation","cat_presentation"],"acf":[],"_links":{"self":[{"href":"https:\/\/turismomaestrazgo.org\/en\/wp-json\/wp\/v2\/tribe_events\/19093","targetHints":{"allow":["GET"]}}],"collection":[{"href":"https:\/\/turismomaestrazgo.org\/en\/wp-json\/wp\/v2\/tribe_events"}],"about":[{"href":"https:\/\/turismomaestrazgo.org\/en\/wp-json\/wp\/v2\/types\/tribe_events"}],"author":[{"embeddable":true,"href":"https:\/\/turismomaestrazgo.org\/en\/wp-json\/wp\/v2\/users\/3"}],"version-history":[{"count":0,"href":"https:\/\/turismomaestrazgo.org\/en\/wp-json\/wp\/v2\/tribe_events\/19093\/revisions"}],"wp:featuredmedia":[{"embeddable":true,"href":"https:\/\/turismomaestrazgo.org\/en\/wp-json\/wp\/v2\/media\/19104"}],"wp:attachment":[{"href":"https:\/\/turismomaestrazgo.org\/en\/wp-json\/wp\/v2\/media?parent=19093"}],"wp:term":[{"taxonomy":"post_tag","embeddable":true,"href":"https:\/\/turismomaestrazgo.org\/en\/wp-json\/wp\/v2\/tags?post=19093"},{"taxonomy":"tribe_events_cat","embeddable":true,"href":"https:\/\/turismomaestrazgo.org\/en\/wp-json\/wp\/v2\/tribe_events_cat?post=19093"}],"curies":[{"name":"wp","href":"https:\/\/api.w.org\/{rel}","templated":true}]}}

Book presentation: &#8220;El Convento de los Servitas de Las Cuevas de Cañart&#8221; (The Servite Convent of Las Cuevas de Cañart).

<div  class="tribe-events-schedule tribe-clearfix" >
	<p class="tribe-events-schedule__datetime">
		<span class="tribe-events-schedule__date tribe-events-schedule__date--start">
			11 August 2022		</span>

					<span class="tribe-events-schedule__separator tribe-events-schedule__separator--date">
				 | 			</span>
			<span class="tribe-events-schedule__time tribe-events-schedule__time--start">
				9:00 pm			</span>
		
			</p>
</div>
<div  class="tribe-block tribe-block__venue tribe-clearfix" >
	
	
<div class="tribe-block__venue__meta">
	<div class="tribe-block__venue__name">
		<h3>Cuevas de Cañart. Convento de los Servitas</h3>
	</div>

	
			
		
			
	</div>
	
	</div>

<p>La présentation du livre <em>El Convento de los Servitas de Las Cuevas de Cañart</em> écrit par Vicente Lorente Pérez aura lieu au Convento de los Servitas le 11 août à 19h00.</p>

<figure class="wp-block-image size-large"><img fetchpriority="high" decoding="async" width="724" height="1024" src="https://turismomaestrazgo.org/wp-content/uploads/2022/08/Presentacion-servitas-2-724x1024.jpg" alt="" class="wp-image-19104" srcset="https://turismomaestrazgo.org/wp-content/uploads/2022/08/Presentacion-servitas-2-724x1024.jpg 724w, https://turismomaestrazgo.org/wp-content/uploads/2022/08/Presentacion-servitas-2-212x300.jpg 212w, https://turismomaestrazgo.org/wp-content/uploads/2022/08/Presentacion-servitas-2-768x1086.jpg 768w, https://turismomaestrazgo.org/wp-content/uploads/2022/08/Presentacion-servitas-2-1086x1536.jpg 1086w, https://turismomaestrazgo.org/wp-content/uploads/2022/08/Presentacion-servitas-2-1448x2048.jpg 1448w, https://turismomaestrazgo.org/wp-content/uploads/2022/08/Presentacion-servitas-2.jpg 1587w" sizes="(max-width: 724px) 100vw, 724px" /></figure><div  class="tribe-block tribe-block__event-price" >
		</div>
	<div  class="tribe-block tribe-block__events-link" >
		<div class="tribe-events tribe-common">
			<div class="tribe-events-c-subscribe-dropdown__container">
				<div class="tribe-events-c-subscribe-dropdown">
					<div class="tribe-common-c-btn-border tribe-events-c-subscribe-dropdown__button">
						<svg
	 class="tribe-common-c-svgicon tribe-common-c-svgicon--cal-export tribe-events-c-subscribe-dropdown__export-icon" 	aria-hidden="true"
	viewBox="0 0 23 17"
	xmlns="http://www.w3.org/2000/svg"
>
	<path fill-rule="evenodd" clip-rule="evenodd" d="M.128.896V16.13c0 .211.145.383.323.383h15.354c.179 0 .323-.172.323-.383V.896c0-.212-.144-.383-.323-.383H.451C.273.513.128.684.128.896Zm16 6.742h-.901V4.679H1.009v10.729h14.218v-3.336h.901V7.638ZM1.01 1.614h14.218v2.058H1.009V1.614Z" />
	<path d="M20.5 9.846H8.312M18.524 6.953l2.89 2.909-2.855 2.855" stroke-width="1.2" stroke-linecap="round" stroke-linejoin="round"/>
</svg>
						<button
							class="tribe-events-c-subscribe-dropdown__button-text"
							aria-expanded="false"
							aria-controls="tribe-events-subscribe-dropdown-content"
							aria-label="View links to add events to your calendar"
						>
							Add to calendar						</button>
						<svg
	 class="tribe-common-c-svgicon tribe-common-c-svgicon--caret-down tribe-events-c-subscribe-dropdown__button-icon" 	aria-hidden="true"
	viewBox="0 0 10 7"
	xmlns="http://www.w3.org/2000/svg"
>
	<path fill-rule="evenodd" clip-rule="evenodd" d="M1.008.609L5 4.6 8.992.61l.958.958L5 6.517.05 1.566l.958-.958z" class="tribe-common-c-svgicon__svg-fill"/>
</svg>
					</div>
					<div id="tribe-events-subscribe-dropdown-content" class="tribe-events-c-subscribe-dropdown__content">
						<ul class="tribe-events-c-subscribe-dropdown__list">
															<li class="tribe-events-c-subscribe-dropdown__list-item tribe-events-c-subscribe-dropdown__list-item--gcal">
									<a
										href="https://www.google.com/calendar/event?action=TEMPLATE&#038;dates=20220811T190000/20220811T190000&#038;text=Book%20presentation%3A%20%26%238220%3BEl%20Convento%20de%20los%20Servitas%20de%20Las%20Cuevas%20de%20Ca%C3%B1art%26%238221%3B%20%28The%20Servite%20Convent%20of%20Las%20Cuevas%20de%20Ca%C3%B1art%29.&#038;details=%3Cp%3ELa+pr%C3%A9sentation+du+livre+%3Cem%3EEl+Convento+de+los+Servitas+de+Las+Cuevas+de+Ca%C3%B1art%3C%2Fem%3E+%C3%A9crit+par+Vicente+Lorente+P%C3%A9rez+aura+lieu+au+Convento+de+los+Servitas+le+11+ao%C3%BBt+%C3%A0+19h00.%3C%2Fp%3E+%3Cfigure+class%3D%22wp-block-image+size-large%22%3E%3Cimg+src%3D%22https%3A%2F%2Fturismomaestrazgo.org%2Fwp-content%2Fuploads%2F2022%2F08%2FPresentacion-servitas-2-724x1024.jpg%22+alt%3D%22%22+class%3D%22wp-image-19104%22%2F%3E%3C%2Ffigure%3E&#038;location=Cuevas%20de%20Cañart.%20Convento%20de%20los%20Servitas&#038;trp=false&#038;ctz=Europe/Madrid&#038;sprop=website:https://turismomaestrazgo.org/en/"
										class="tribe-events-c-subscribe-dropdown__list-item-link"
										target="_blank"
										rel="noopener noreferrer nofollow noindex"
									>
										Google Calendar									</a>
								</li>
															<li class="tribe-events-c-subscribe-dropdown__list-item tribe-events-c-subscribe-dropdown__list-item--ical">
									<a
										href=""
										class="tribe-events-c-subscribe-dropdown__list-item-link"
										target="_blank"
										rel="noopener noreferrer nofollow noindex"
									>
										iCalendar									</a>
								</li>
															<li class="tribe-events-c-subscribe-dropdown__list-item tribe-events-c-subscribe-dropdown__list-item--outlook-365">
									<a
										href=""
										class="tribe-events-c-subscribe-dropdown__list-item-link"
										target="_blank"
										rel="noopener noreferrer nofollow noindex"
									>
										Outlook 365									</a>
								</li>
															<li class="tribe-events-c-subscribe-dropdown__list-item tribe-events-c-subscribe-dropdown__list-item--outlook-live">
									<a
										href=""
										class="tribe-events-c-subscribe-dropdown__list-item-link"
										target="_blank"
										rel="noopener noreferrer nofollow noindex"
									>
										Outlook Live									</a>
								</li>
													</ul>
					</div>
				</div>
			</div>
		</div>
	</div>

<p>La présentation du livre El Convento de los Servitas de Las Cuevas de Cañart écrit par Vicente Lorente Pérez aura lieu au Convento de los Servitas le 11 août à [&hellip;]</p>
